{"id":825,"date":"2024-10-28T23:44:03","date_gmt":"2024-10-28T21:44:03","guid":{"rendered":"https:\/\/ferienwohnung-crikvenica.com\/?page_id=825"},"modified":"2024-11-01T22:04:36","modified_gmt":"2024-11-01T20:04:36","slug":"ferienwohnung","status":"publish","type":"page","link":"https:\/\/ferienwohnung-crikvenica.com\/","title":{"rendered":"Startseite"},"content":{"rendered":"\t\t<div data-elementor-type=\"wp-page\" data-elementor-id=\"825\" class=\"elementor elementor-825\">\n\t\t\t\t\t\t\t\t\t<section class=\"elementor-section elementor-top-section elementor-element elementor-element-2e93b13 elementor-section-boxed elementor-section-height-default elementor-section-height-default\" data-id=\"2e93b13\" data-element_type=\"section\">\n\t\t\t\t\t\t<div class=\"elementor-container elementor-column-gap-default\">\n\t\t\t\t\t<div class=\"elementor-column elementor-col-100 elementor-top-column elementor-element elementor-element-d872a9f\" data-id=\"d872a9f\" data-element_type=\"column\">\n\t\t\t<div class=\"elementor-widget-wrap elementor-element-populated\">\n\t\t\t\t\t\t\t\t<div class=\"elementor-element elementor-element-cdf9521 elementor-widget elementor-widget-wp-widget-gtranslate\" data-id=\"cdf9521\" data-element_type=\"widget\" data-widget_type=\"wp-widget-gtranslate.default\">\n\t\t\t\t<div class=\"elementor-widget-container\">\n\t\t\t<div class=\"gtranslate_wrapper\" id=\"gt-wrapper-73721976\"><\/div>\t\t<\/div>\n\t\t\t\t<\/div>\n\t\t\t\t\t<\/div>\n\t\t<\/div>\n\t\t\t\t\t\t\t<\/div>\n\t\t<\/section>\n\t\t\t\t<section class=\"elementor-section elementor-top-section elementor-element elementor-element-cd54818 elementor-section-full_width elementor-section-height-default elementor-section-height-default\" data-id=\"cd54818\" data-element_type=\"section\">\n\t\t\t\t\t\t<div class=\"elementor-container elementor-column-gap-default\">\n\t\t\t\t\t<div class=\"elementor-column elementor-col-100 elementor-top-column elementor-element elementor-element-ff5955d\" data-id=\"ff5955d\" data-element_type=\"column\">\n\t\t\t<div class=\"elementor-widget-wrap elementor-element-populated\">\n\t\t\t\t\t\t\t\t<div class=\"elementor-element elementor-element-c1c1fa1 elementor-widget elementor-widget-heading\" data-id=\"c1c1fa1\" data-element_type=\"widget\" data-widget_type=\"heading.default\">\n\t\t\t\t<div class=\"elementor-widget-container\">\n\t\t\t<style>\/*! elementor - v3.12.2 - 23-04-2023 *\/\n.elementor-heading-title{padding:0;margin:0;line-height:1}.elementor-widget-heading .elementor-heading-title[class*=elementor-size-]>a{color:inherit;font-size:inherit;line-height:inherit}.elementor-widget-heading .elementor-heading-title.elementor-size-small{font-size:15px}.elementor-widget-heading .elementor-heading-title.elementor-size-medium{font-size:19px}.elementor-widget-heading .elementor-heading-title.elementor-size-large{font-size:29px}.elementor-widget-heading .elementor-heading-title.elementor-size-xl{font-size:39px}.elementor-widget-heading .elementor-heading-title.elementor-size-xxl{font-size:59px}<\/style><h1 class=\"elementor-heading-title elementor-size-default\">Reservieren Sie Ihren unvergesslichen Urlaub in der Ferienwohnung Kanjski in Crikvenica!<\/h1>\t\t<\/div>\n\t\t\t\t<\/div>\n\t\t\t\t\t<\/div>\n\t\t<\/div>\n\t\t\t\t\t\t\t<\/div>\n\t\t<\/section>\n\t\t\t\t<section class=\"elementor-section elementor-top-section elementor-element elementor-element-a0ededd elementor-section-boxed elementor-section-height-default elementor-section-height-default\" data-id=\"a0ededd\" data-element_type=\"section\">\n\t\t\t\t\t\t<div class=\"elementor-container elementor-column-gap-default\">\n\t\t\t\t\t<div class=\"elementor-column elementor-col-100 elementor-top-column elementor-element elementor-element-f7cfde3\" data-id=\"f7cfde3\" data-element_type=\"column\">\n\t\t\t<div class=\"elementor-widget-wrap elementor-element-populated\">\n\t\t\t\t\t\t\t\t<div class=\"elementor-element elementor-element-7042b91 elementor-widget elementor-widget-mphbe-search-form\" data-id=\"7042b91\" data-element_type=\"widget\" data-settings=\"{&quot;hide_labels&quot;:&quot;yes&quot;,&quot;stretch_btn&quot;:&quot;yes&quot;,&quot;hide_tips&quot;:&quot;no&quot;,&quot;multiple_lines&quot;:&quot;no&quot;}\" data-widget_type=\"mphbe-search-form.default\">\n\t\t\t\t<div class=\"elementor-widget-container\">\n\t\t\t<div class=\"mphb_sc_search-wrapper is-style-horizontal-form mphbs-hide-labels mphbs-fluid-button \"><form method=\"GET\" class=\"mphb_sc_search-form\" action=\"https:\/\/ferienwohnung-crikvenica.com\/index.php\/search-results\/\">\n\n\t<p class = \"mphb-required-fields-tip\">\n\t<small>\n\t\tErforderliche Felder werden gefolgt von\t\t<abbr title=\"required\">*<\/abbr>\n\t<\/small>\n<\/p>\n\t<p class=\"mphb_sc_search-check-in-date\">\n\t\t<label for=\"mphb_check_in_date-mphb-search-form-69f39bc3c62bc\">\n\t\t\tAnreise\t\t\t<abbr title=\"Formatiert als dd\/mm\/yyyy\">*<\/abbr>\n\t\t<\/label>\n\t\t<br \/>\n\t\t<input\n\t\t\tid=\"mphb_check_in_date-mphb-search-form-69f39bc3c62bc\"\n\t\t\tdata-datepick-group=\"mphb-search-form-69f39bc3c62bc\"\n\t\t\tvalue=\"\"\n\t\t\tplaceholder=\"Anreisedatum\"\n\t\t\trequired=\"required\"\n\t\t\ttype=\"text\"\n\t\t\tinputmode=\"none\"\n\t\t\tname=\"mphb_check_in_date\"\n\t\t\tclass=\"mphb-datepick\"\n\t\t\tautocomplete=\"off\"\n\t\t\t\/>\n\t<\/p>\n\n\t<p class=\"mphb_sc_search-check-out-date\">\n\t\t<label for=\"mphb_check_out_date-mphb-search-form-69f39bc3c62bc\">\n\t\t\tAbreise\t\t\t<abbr title=\"Formatiert als dd\/mm\/yyyy\">*<\/abbr>\n\t\t<\/label>\n\t\t<br \/>\n\t\t<input\n\t\t\tid=\"mphb_check_out_date-mphb-search-form-69f39bc3c62bc\"\n\t\t\tdata-datepick-group=\"mphb-search-form-69f39bc3c62bc\"\n\t\t\tvalue=\"\"\n\t\t\tplaceholder=\"Abreisedatum\"\n\t\t\trequired=\"required\"\n\t\t\ttype=\"text\"\n\t\t\tinputmode=\"none\"\n\t\t\tname=\"mphb_check_out_date\"\n\t\t\tclass=\"mphb-datepick\"\n\t\t\tautocomplete=\"off\"\n\t\t\t\/>\n\t<\/p>\n\n\t\t\t<input type=\"hidden\" id=\"mphb_adults-mphb-search-form-69f39bc3c62bc\" name=\"mphb_adults\" value=\"1\" \/>\n\t\n\t\t\t<input type=\"hidden\" id=\"mphb_children-mphb-search-form-69f39bc3c62bc\" name=\"mphb_children\" value=\"0\" \/>\n\t\n\t\n\t\n\t<input id=\"mphb_check_in_date-mphb-search-form-69f39bc3c62bc-hidden\" value=\"\" type=\"hidden\" name=\"mphb_check_in_date\" \/><input id=\"mphb_check_out_date-mphb-search-form-69f39bc3c62bc-hidden\" value=\"\" type=\"hidden\" name=\"mphb_check_out_date\" \/>\n\t<p class=\"mphb_sc_search-submit-button-wrapper\">\n\t\t<input type=\"submit\" class=\"button\" value=\"Suche\"\/>\n\t<\/p>\n\n\t\n<\/form>\n<\/div>\t\t<\/div>\n\t\t\t\t<\/div>\n\t\t\t\t\t<\/div>\n\t\t<\/div>\n\t\t\t\t\t\t\t<\/div>\n\t\t<\/section>\n\t\t\t\t<section class=\"elementor-section elementor-top-section elementor-element elementor-element-521a4b3 elementor-section-boxed elementor-section-height-default elementor-section-height-default\" data-id=\"521a4b3\" data-element_type=\"section\">\n\t\t\t\t\t\t<div class=\"elementor-container elementor-column-gap-default\">\n\t\t\t\t\t<div class=\"elementor-column elementor-col-50 elementor-top-column elementor-element elementor-element-dbb95f5\" data-id=\"dbb95f5\" data-element_type=\"column\">\n\t\t\t<div class=\"elementor-widget-wrap elementor-element-populated\">\n\t\t\t\t\t\t\t\t<div class=\"elementor-element elementor-element-a6c3b15 elementor-invisible elementor-widget elementor-widget-mphbe-room\" data-id=\"a6c3b15\" data-element_type=\"widget\" data-settings=\"{&quot;_animation&quot;:&quot;fadeIn&quot;}\" data-widget_type=\"mphbe-room.default\">\n\t\t\t\t<div class=\"elementor-widget-container\">\n\t\t\t<div class=\"mphb_sc_room-wrapper \"><div class=\"mphb-room-type post-31 mphb_room_type type-mphb_room_type status-publish has-post-thumbnail mphb_room_type_category-ferienwohnung-mit-meerblick mphb_room_type_facility-geschirrspulmaschine mphb_room_type_facility-grillen mphb_room_type_facility-klimaanlage mphb_room_type_facility-mikrowelle mphb_room_type_facility-parkplatz mphb_room_type_facility-satlite-fernseher mphb_room_type_facility-wifi mphb-room-type-adults-5 mphb-room-type-children-0 \">\n\n\t\n\t\n\n\t<p class=\"post-thumbnail mphb-loop-room-thumbnail\">\n\t<a href=\"https:\/\/ferienwohnung-crikvenica.com\/index.php\/accommodation\/apartment\/\">\n\t<img width=\"747\" height=\"560\" src=\"https:\/\/ferienwohnung-crikvenica.com\/wp-content\/uploads\/2023\/04\/IMG_9771-747x560.jpg\" class=\"attachment-post-thumbnail size-post-thumbnail wp-post-image\" alt=\"\" decoding=\"async\" loading=\"lazy\" srcset=\"https:\/\/ferienwohnung-crikvenica.com\/wp-content\/uploads\/2023\/04\/IMG_9771-747x560.jpg 747w, https:\/\/ferienwohnung-crikvenica.com\/wp-content\/uploads\/2023\/04\/IMG_9771-300x225.jpg 300w, https:\/\/ferienwohnung-crikvenica.com\/wp-content\/uploads\/2023\/04\/IMG_9771-1024x768.jpg 1024w, https:\/\/ferienwohnung-crikvenica.com\/wp-content\/uploads\/2023\/04\/IMG_9771-768x576.jpg 768w, https:\/\/ferienwohnung-crikvenica.com\/wp-content\/uploads\/2023\/04\/IMG_9771-1536x1152.jpg 1536w, https:\/\/ferienwohnung-crikvenica.com\/wp-content\/uploads\/2023\/04\/IMG_9771-2048x1536.jpg 2048w, https:\/\/ferienwohnung-crikvenica.com\/wp-content\/uploads\/2023\/04\/IMG_9771-2000x1500.jpg 2000w\" sizes=\"(max-width: 747px) 100vw, 747px\" \/>\t<\/a>\n\n\t<\/p>\n\n<h2 class=\"mphb-room-type-title entry-title\">\n\n<a class=\"mphb-room-type-title\" href=\"https:\/\/ferienwohnung-crikvenica.com\/index.php\/accommodation\/apartment\/\">Wohnung 1<\/a>\n\n<\/h2>\n<h3 class=\"mphb-room-type-details-title\">Details<\/h3><ul class=\"mphb-loop-room-type-attributes\">\n\n\n\t<li class=\"mphb-room-type-adults-capacity\"><span class=\"mphb-attribute-title mphb-adults-title\">G\u00e4ste:<\/span><span class=\"mphb-attribute-value\">\n\t5\n\t<\/span><\/li>\n\n\n\t<li class=\"mphb-room-type-facilities\"><span class=\"mphb-attribute-title mphb-facilities-title\">Ausstattungen:<\/span><span class=\"mphb-attribute-value\"> <span class=\"facility-geschirrspulmaschine\"><a href=\"https:\/\/ferienwohnung-crikvenica.com\/index.php\/accommodation-facility\/geschirrspulmaschine\/\">Geschirrsp\u00fclmaschine<\/a><\/span>, <span class=\"facility-grillen\"><a href=\"https:\/\/ferienwohnung-crikvenica.com\/index.php\/accommodation-facility\/grillen\/\">Grillen<\/a><\/span>, <span class=\"facility-klimaanlage\"><a href=\"https:\/\/ferienwohnung-crikvenica.com\/index.php\/accommodation-facility\/klimaanlage\/\">Klimaanlage<\/a><\/span>, <span class=\"facility-mikrowelle\"><a href=\"https:\/\/ferienwohnung-crikvenica.com\/index.php\/accommodation-facility\/mikrowelle\/\">Mikrowelle<\/a><\/span>, <span class=\"facility-parkplatz\"><a href=\"https:\/\/ferienwohnung-crikvenica.com\/index.php\/accommodation-facility\/parkplatz\/\">Parkplatz<\/a><\/span>, <span class=\"facility-satlite-fernseher\"><a href=\"https:\/\/ferienwohnung-crikvenica.com\/index.php\/accommodation-facility\/satlite-fernseher\/\">Satlite-Fernseher<\/a><\/span>, <span class=\"facility-wifi\"><a href=\"https:\/\/ferienwohnung-crikvenica.com\/index.php\/accommodation-facility\/wifi\/\">WIFi<\/a><\/span><\/span><\/li>\n\n\n\n\t<li class=\"mphb-room-type-view\"><span class=\"mphb-attribute-title mphb-view-title\">Ansicht:<\/span><span class=\"mphb-attribute-value\">\n\tMeerblick\n\t<\/span><\/li>\n\n\n\n\t<li class=\"mphb-room-type-size\"><span class=\"mphb-attribute-title mphb-size-title\">Gr\u00f6\u00dfe:<\/span><span class=\"mphb-attribute-value\">\n\t54m\u00b2\n\t<\/span><\/li>\n\n\n\t<li class=\"mphb-room-type-bed-type\"><span  class=\"mphb-attribute-title mphb-bed-type-title\">Bettentyp:<\/span><span class=\"mphb-attribute-value\">\n\tDoppelbett\n\t<\/span><\/li>\n\n\n\t<li class=\"mphb-room-type-categories\"><span class=\"mphb-attribute-title mphb-categories-title\">Kategorien:<\/span><span class=\"mphb-attribute-value\"> <span class=\"category-ferienwohnung-mit-meerblick\"><a href=\"https:\/\/ferienwohnung-crikvenica.com\/index.php\/accommodation-category\/ferienwohnung-mit-meerblick\/\">Ferienwohnung mit Meerblick<\/a><\/span><\/span><\/li>\n\n<\/ul>\n\n<p class=\"mphb-view-details-button-wrapper\">\n<a class=\"button mphb-view-details-button\" href=\"https:\/\/ferienwohnung-crikvenica.com\/index.php\/accommodation\/apartment\/\" >Details ansehen<\/a>\n<\/p>\n\t\n<\/div><\/div>\t\t<\/div>\n\t\t\t\t<\/div>\n\t\t\t\t\t<\/div>\n\t\t<\/div>\n\t\t\t\t<div class=\"elementor-column elementor-col-50 elementor-top-column elementor-element elementor-element-4064167\" data-id=\"4064167\" data-element_type=\"column\">\n\t\t\t<div class=\"elementor-widget-wrap elementor-element-populated\">\n\t\t\t\t\t\t\t\t<div class=\"elementor-element elementor-element-4077785 elementor-invisible elementor-widget elementor-widget-mphbe-room\" data-id=\"4077785\" data-element_type=\"widget\" data-settings=\"{&quot;_animation&quot;:&quot;fadeIn&quot;}\" data-widget_type=\"mphbe-room.default\">\n\t\t\t\t<div class=\"elementor-widget-container\">\n\t\t\t<div class=\"mphb_sc_room-wrapper \"><div class=\"mphb-room-type post-48 mphb_room_type type-mphb_room_type status-publish has-post-thumbnail mphb_room_type_category-ferienwohnung-mit-meerblick mphb_room_type_facility-geschirrspulmaschine mphb_room_type_facility-grillen mphb_room_type_facility-klimaanlage mphb_room_type_facility-mikrowelle mphb_room_type_facility-parkplatz mphb_room_type_facility-satlite-fernseher mphb_room_type_facility-washing-machine mphb_room_type_facility-wifi mphb-room-type-adults-5 mphb-room-type-children-0 \">\n\n\t\n\t\n\n\t<p class=\"post-thumbnail mphb-loop-room-thumbnail\">\n\t<a href=\"https:\/\/ferienwohnung-crikvenica.com\/index.php\/accommodation\/apartment-crikvenica-croatia\/\">\n\t<img width=\"1212\" height=\"560\" src=\"https:\/\/ferienwohnung-crikvenica.com\/wp-content\/uploads\/2023\/04\/20230312_162306-1212x560.jpg\" class=\"attachment-post-thumbnail size-post-thumbnail wp-post-image\" alt=\"\" decoding=\"async\" loading=\"lazy\" srcset=\"https:\/\/ferienwohnung-crikvenica.com\/wp-content\/uploads\/2023\/04\/20230312_162306-1212x560.jpg 1212w, https:\/\/ferienwohnung-crikvenica.com\/wp-content\/uploads\/2023\/04\/20230312_162306-300x139.jpg 300w, https:\/\/ferienwohnung-crikvenica.com\/wp-content\/uploads\/2023\/04\/20230312_162306-1024x473.jpg 1024w, https:\/\/ferienwohnung-crikvenica.com\/wp-content\/uploads\/2023\/04\/20230312_162306-768x355.jpg 768w, https:\/\/ferienwohnung-crikvenica.com\/wp-content\/uploads\/2023\/04\/20230312_162306-1536x710.jpg 1536w, https:\/\/ferienwohnung-crikvenica.com\/wp-content\/uploads\/2023\/04\/20230312_162306-2048x946.jpg 2048w, https:\/\/ferienwohnung-crikvenica.com\/wp-content\/uploads\/2023\/04\/20230312_162306-2000x924.jpg 2000w\" sizes=\"(max-width: 1212px) 100vw, 1212px\" \/>\t<\/a>\n\n\t<\/p>\n\n<h2 class=\"mphb-room-type-title entry-title\">\n\n<a class=\"mphb-room-type-title\" href=\"https:\/\/ferienwohnung-crikvenica.com\/index.php\/accommodation\/apartment-crikvenica-croatia\/\">Wohnung 2<\/a>\n\n<\/h2>\n<h3 class=\"mphb-room-type-details-title\">Details<\/h3><ul class=\"mphb-loop-room-type-attributes\">\n    <li class=\"mphb-room-type-total-capacity\"><span class=\"mphb-attribute-title mphb-total-capacity-title\">G\u00e4ste:<\/span><span class=\"mphb-attribute-value\">\n    5\n    <\/span><\/li>\n\n\n\t<li class=\"mphb-room-type-facilities\"><span class=\"mphb-attribute-title mphb-facilities-title\">Ausstattungen:<\/span><span class=\"mphb-attribute-value\"> <span class=\"facility-geschirrspulmaschine\"><a href=\"https:\/\/ferienwohnung-crikvenica.com\/index.php\/accommodation-facility\/geschirrspulmaschine\/\">Geschirrsp\u00fclmaschine<\/a><\/span>, <span class=\"facility-grillen\"><a href=\"https:\/\/ferienwohnung-crikvenica.com\/index.php\/accommodation-facility\/grillen\/\">Grillen<\/a><\/span>, <span class=\"facility-klimaanlage\"><a href=\"https:\/\/ferienwohnung-crikvenica.com\/index.php\/accommodation-facility\/klimaanlage\/\">Klimaanlage<\/a><\/span>, <span class=\"facility-mikrowelle\"><a href=\"https:\/\/ferienwohnung-crikvenica.com\/index.php\/accommodation-facility\/mikrowelle\/\">Mikrowelle<\/a><\/span>, <span class=\"facility-parkplatz\"><a href=\"https:\/\/ferienwohnung-crikvenica.com\/index.php\/accommodation-facility\/parkplatz\/\">Parkplatz<\/a><\/span>, <span class=\"facility-satlite-fernseher\"><a href=\"https:\/\/ferienwohnung-crikvenica.com\/index.php\/accommodation-facility\/satlite-fernseher\/\">Satlite-Fernseher<\/a><\/span>, <span class=\"facility-washing-machine\"><a href=\"https:\/\/ferienwohnung-crikvenica.com\/index.php\/accommodation-facility\/washing-machine\/\">Washing Machine<\/a><\/span>, <span class=\"facility-wifi\"><a href=\"https:\/\/ferienwohnung-crikvenica.com\/index.php\/accommodation-facility\/wifi\/\">WIFi<\/a><\/span><\/span><\/li>\n\n\n\n\t<li class=\"mphb-room-type-view\"><span class=\"mphb-attribute-title mphb-view-title\">Ansicht:<\/span><span class=\"mphb-attribute-value\">\n\tMeerblick\n\t<\/span><\/li>\n\n\n\n\t<li class=\"mphb-room-type-size\"><span class=\"mphb-attribute-title mphb-size-title\">Gr\u00f6\u00dfe:<\/span><span class=\"mphb-attribute-value\">\n\t64m\u00b2\n\t<\/span><\/li>\n\n\n\t<li class=\"mphb-room-type-bed-type\"><span  class=\"mphb-attribute-title mphb-bed-type-title\">Bettentyp:<\/span><span class=\"mphb-attribute-value\">\n\tDoppelbett\n\t<\/span><\/li>\n\n\n\t<li class=\"mphb-room-type-categories\"><span class=\"mphb-attribute-title mphb-categories-title\">Kategorien:<\/span><span class=\"mphb-attribute-value\"> <span class=\"category-ferienwohnung-mit-meerblick\"><a href=\"https:\/\/ferienwohnung-crikvenica.com\/index.php\/accommodation-category\/ferienwohnung-mit-meerblick\/\">Ferienwohnung mit Meerblick<\/a><\/span><\/span><\/li>\n\n<\/ul>\n\n<p class=\"mphb-view-details-button-wrapper\">\n<a class=\"button mphb-view-details-button\" href=\"https:\/\/ferienwohnung-crikvenica.com\/index.php\/accommodation\/apartment-crikvenica-croatia\/\" >Details ansehen<\/a>\n<\/p>\n\t\n<\/div><\/div>\t\t<\/div>\n\t\t\t\t<\/div>\n\t\t\t\t\t<\/div>\n\t\t<\/div>\n\t\t\t\t\t\t\t<\/div>\n\t\t<\/section>\n\t\t\t\t<section class=\"elementor-section elementor-top-section elementor-element elementor-element-1f290fc elementor-section-boxed elementor-section-height-default elementor-section-height-default\" data-id=\"1f290fc\" data-element_type=\"section\">\n\t\t\t\t\t\t<div class=\"elementor-container elementor-column-gap-default\">\n\t\t\t\t\t<div class=\"elementor-column elementor-col-100 elementor-top-column elementor-element elementor-element-d0144d4\" data-id=\"d0144d4\" data-element_type=\"column\">\n\t\t\t<div class=\"elementor-widget-wrap elementor-element-populated\">\n\t\t\t\t\t\t\t\t<div class=\"elementor-element elementor-element-0a63a8a elementor-widget elementor-widget-shortcode\" data-id=\"0a63a8a\" data-element_type=\"widget\" data-widget_type=\"shortcode.default\">\n\t\t\t\t<div class=\"elementor-widget-container\">\n\t\t\t\t\t<div class=\"elementor-shortcode\"><div data-src=\"https:\/\/cdn.trustindex.io\/loader.js?wp-widget\" data-html-url=\"https:\/\/ferienwohnung-crikvenica.com\/wp-admin\/admin-ajax.php?action=trustindex_google_widget\" data-css-url=\"https:\/\/ferienwohnung-crikvenica.com\/wp-content\/uploads\/trustindex-google-widget.css?1730238390\"><\/div><\/div>\n\t\t\t\t<\/div>\n\t\t\t\t<\/div>\n\t\t\t\t\t<\/div>\n\t\t<\/div>\n\t\t\t\t\t\t\t<\/div>\n\t\t<\/section>\n\t\t\t\t\t\t\t<\/div>\n\t\t","protected":false},"excerpt":{"rendered":"<p>Reservieren Sie Ihren unvergesslichen Urlaub in der Ferienwohnung Kanjski in Crikvenica! Erforderliche Felder werden gefolgt von * Anreise * Abreise * Wohnung 1 Details G\u00e4ste: 5 Ausstattungen: Geschirrsp\u00fclmaschine, Grillen, Klimaanlage, Mikrowelle, Parkplatz, Satlite-Fernseher, WIFi Ansicht: Meerblick Gr\u00f6\u00dfe: 54m\u00b2 Bettentyp: Doppelbett Kategorien: Ferienwohnung mit Meerblick Preis von: 65&euro; pro Nacht Details ansehen Wohnung 2 Details G\u00e4ste: &hellip; <a href=\"https:\/\/ferienwohnung-crikvenica.com\/index.php\/accommodation\/apartment-crikvenica-croatia\/\" class=\"more-link\">Continue reading<span class=\"screen-reader-text\"> &#8220;Wohnung 2&#8221;<\/span><\/a><\/p>\n","protected":false},"author":1,"featured_media":0,"parent":0,"menu_order":0,"comment_status":"closed","ping_status":"closed","template":"elementor_header_footer","meta":[],"_links":{"self":[{"href":"https:\/\/ferienwohnung-crikvenica.com\/index.php\/wp-json\/wp\/v2\/pages\/825"}],"collection":[{"href":"https:\/\/ferienwohnung-crikvenica.com\/index.php\/wp-json\/wp\/v2\/pages"}],"about":[{"href":"https:\/\/ferienwohnung-crikvenica.com\/index.php\/wp-json\/wp\/v2\/types\/page"}],"author":[{"embeddable":true,"href":"https:\/\/ferienwohnung-crikvenica.com\/index.php\/wp-json\/wp\/v2\/users\/1"}],"replies":[{"embeddable":true,"href":"https:\/\/ferienwohnung-crikvenica.com\/index.php\/wp-json\/wp\/v2\/comments?post=825"}],"version-history":[{"count":33,"href":"https:\/\/ferienwohnung-crikvenica.com\/index.php\/wp-json\/wp\/v2\/pages\/825\/revisions"}],"predecessor-version":[{"id":928,"href":"https:\/\/ferienwohnung-crikvenica.com\/index.php\/wp-json\/wp\/v2\/pages\/825\/revisions\/928"}],"wp:attachment":[{"href":"https:\/\/ferienwohnung-crikvenica.com\/index.php\/wp-json\/wp\/v2\/media?parent=825"}],"curies":[{"name":"wp","href":"https:\/\/api.w.org\/{rel}","templated":true}]}}